{"id":508,"date":"2020-01-23T12:47:57","date_gmt":"2020-01-23T11:47:57","guid":{"rendered":"https:\/\/salons.weyou-cms.com\/itsm?page_id=508"},"modified":"2022-01-18T10:03:07","modified_gmt":"2022-01-18T09:03:07","slug":"presse","status":"publish","type":"page","link":"https:\/\/salons.weyou-cms.com\/bmc\/presse","title":{"rendered":"Presse"},"content":{"rendered":"<div class=\"wpb-content-wrapper\"><p>[vc_row][vc_column]\n\t\t\t<!-- START Banni\u00e8re pages REVOLUTION SLIDER 6.6.7 --><p class=\"rs-p-wp-fix\"><\/p>\n\t\t\t<rs-module-wrap id=\"rev_slider_40_1_wrapper\" data-source=\"post\" style=\"visibility:hidden;background:#acacac;padding:0;margin:0px auto;margin-top:0;margin-bottom:0;\">\n\t\t\t\t<rs-module id=\"rev_slider_40_1\" style=\"\" data-version=\"6.6.7\">\n\t\t\t\t\t<rs-slides style=\"overflow: hidden; position: absolute;\">\n\t\t\t\t\t\t<rs-slide style=\"position: absolute;\" data-key=\"rs-508\" data-title=\"Presse\" data-anim=\"ms:1000;r:0;\" data-in=\"o:0;\" data-out=\"a:false;\">\n\t\t\t\t\t\t\t<img decoding=\"async\" src=\"\/\/salons.weyou-cms.com\/bmc\/wp-content\/plugins\/revslider\/public\/assets\/assets\/dummy.png\" alt=\"\" title=\"ITCM_bandeau-rubriques-1920&#215;300-2022\" width=\"1920\" height=\"300\" class=\"rev-slidebg tp-rs-img rs-lazyload\" data-lazyload=\"\/\/weyoumedia.blob.core.windows.net\/itsm\/sites\/17\/2022\/04\/ITCM_bandeau-rubriques-1920x300-2022.jpg\" data-bg=\"p:40% 50%;\" data-no-retina>\n<!--\n\t\t\t\t\t\t\t--><rs-layer\n\t\t\t\t\t\t\t\tid=\"slider-40-slide-508-layer-1\" \n\t\t\t\t\t\t\t\tdata-type=\"text\"\n\t\t\t\t\t\t\t\tdata-xy=\"x:r,r,r,l;xo:974px,520px,370px,17px;y:m;yo:-2px,0,0,0;\"\n\t\t\t\t\t\t\t\tdata-text=\"w:normal;s:60,50,50,50;l:60,53,53,53;fw:500;a:center,center,center,left;\"\n\t\t\t\t\t\t\t\tdata-dim=\"w:45%,45%,50%,90%;h:auto,auto,auto,47px;\"\n\t\t\t\t\t\t\t\tdata-frame_999=\"o:0;st:w;\"\n\t\t\t\t\t\t\t\tstyle=\"z-index:8;font-family:'Roboto';text-transform:uppercase;\"\n\t\t\t\t\t\t\t><H1>Presse<\/h1> \n\t\t\t\t\t\t\t<\/rs-layer><!--\n\n\t\t\t\t\t\t\t--><rs-layer\n\t\t\t\t\t\t\t\tid=\"slider-40-slide-508-layer-3\" \n\t\t\t\t\t\t\t\tdata-type=\"text\"\n\t\t\t\t\t\t\t\tdata-xy=\"x:r,r,r,l;xo:1117px,520px,370px,17px;y:m;yo:48px,43px,50px,50px;\"\n\t\t\t\t\t\t\t\tdata-text=\"w:normal;s:19,20,15,20;l:30,30,30,36;a:center,center,center,left;\"\n\t\t\t\t\t\t\t\tdata-dim=\"w:45%,45%,50%,90%;h:auto,auto,auto,39px;\"\n\t\t\t\t\t\t\t\tdata-frame_999=\"o:0;st:w;\"\n\t\t\t\t\t\t\t\tstyle=\"z-index:8;font-family:'Roboto';\"\n\t\t\t\t\t\t\t> \n\t\t\t\t\t\t\t<\/rs-layer><!--\n-->\t\t\t\t\t\t<\/rs-slide>\n\t\t\t\t\t<\/rs-slides>\n\t\t\t\t\t<rs-static-layers><!--\n\t\t\t\t\t--><\/rs-static-layers>\n\t\t\t\t<\/rs-module>\n\t\t\t\t<script>\n\t\t\t\t\tsetREVStartSize({c: 'rev_slider_40_1',rl:[1240,1024,778,480],el:[300,200,200,280],gw:[1650,1024,778,480],gh:[300,200,200,280],type:'hero',justify:'',layout:'fullwidth',mh:\"450\"});if (window.RS_MODULES!==undefined && window.RS_MODULES.modules!==undefined && window.RS_MODULES.modules[\"revslider401\"]!==undefined) {window.RS_MODULES.modules[\"revslider401\"].once = false;window.revapi40 = undefined;if (window.RS_MODULES.checkMinimal!==undefined) window.RS_MODULES.checkMinimal()}\n\t\t\t\t<\/script>\n\t\t\t<\/rs-module-wrap>\n\t\t\t<!-- END REVOLUTION SLIDER -->\n[\/vc_column][vc_column][vc_row_inner][vc_column_inner]\t<div class=\"wyvc-anchors\">\r\n\t\t\t\t\t\t<a class=\"wyvc-button wyvc-shortcode wyvc-btn-large\" href=\"#presse\">\r\n\t\t\t\t\t<span class=\"wyvc-btn-text\">DOCUMENTS PRESSE<\/span>\r\n\t\t\t\t<\/a>\r\n\t\t\t\t\t\t\t<a class=\"wyvc-button wyvc-shortcode wyvc-btn-large\" href=\"#accreditation\">\r\n\t\t\t\t\t<span class=\"wyvc-btn-text\">BADGE PRESSE<\/span>\r\n\t\t\t\t<\/a>\r\n\t\t\t\t\t\t\t<a class=\"wyvc-button wyvc-shortcode wyvc-btn-large\" href=\"#kit-media\">\r\n\t\t\t\t\t<span class=\"wyvc-btn-text\">KIT MEDIA<\/span>\r\n\t\t\t\t<\/a>\r\n\t\t\t\t<\/div>\r\n[\/vc_column_inner][\/vc_row_inner][\/vc_column][\/vc_row][vc_section][vc_row el_id=\u00a0\u00bbpresse\u00a0\u00bb][vc_column]<div id=\"wyvc-section-title-8393\" class=\"wyvc-section-title wyvc-shortcode wyvc-section-title-1 \">\r\n\t<div class=\"wyvc-st-inner\">\r\n\t\t\t\t\t<div class=\"wyvc-st-title\">\r\n\t\t\t\t<p>DOCUMENTS PRESSE<\/p>\n\t\t\t<\/div>\r\n\t\t\t\t\t<\/div>\r\n<\/div>\r\n<style type=\"text\/css\">#wyvc-section-title-8393.wyvc-section-title-1 .wyvc-st-title::before{content:'IT & CYBERSECURITY'}<\/style>\r\n[\/vc_column][\/vc_row][vc_row][vc_column][vc_text_separator title=\u00a0\u00bbCOMMUNIQUES DE PRESSE\u00a0\u00bb][vc_column_text]<strong>Le 02 novembre 2021<\/strong> \/\/ IT &amp; IT Security Meetings change de nom et devient \u201cIT &amp; Cybersecurity Meetings \u201d <a href=\"https:\/\/weyoumedia.blob.core.windows.net\/itsm\/sites\/17\/2021\/11\/FR_CP-IT-CYBERSECURITY-MEETINGS.pdf\">Lire la suite<\/a>[\/vc_column_text][vc_column_text]<strong>Le 10 septembre 2019<\/strong> \/\/ Security &amp; Safety Meetings change de nom et devient \u201cSecurity\/Safety &amp; Prevention Meetings \u201d\u00a0<a href=\"https:\/\/weyoumedia.blob.core.windows.net\/sesam\/sites\/16\/2020\/01\/SESAP-Prevention.pdf\">Lire la suite<\/a>[\/vc_column_text][vc_column_text]<strong>Le 28 ao\u00fbt 2018<\/strong> \/\/ Les inscriptions sont ouvertes pour la 4\u00e8me \u00e9dition de Security &amp; Safety Meetings ! <a href=\"https:\/\/www.security-and-safety-meetings.com\/upload\/CP%20Security%20&amp;%20Safety%20Meetings%20du%2028-08-18.pdf\">Lire la suite<\/a>[\/vc_column_text][vc_column_text]<strong>Le 26 mars 2018 <\/strong>\/\/ Une tr\u00e8s belle 3\u00e8me \u00e9dition r\u00e9ussie de Security &amp; Safety Meetings ! <a href=\"https:\/\/www.security-and-safety-meetings.com\/upload\/CP%20Security%20&amp;%20Safety%20Meetings%20du%2026-03-18(1).pdf\">Lire la suite<\/a>[\/vc_column_text][\/vc_column][\/vc_row][\/vc_section][vc_section el_id=\u00a0\u00bbaccreditation\u00a0\u00bb][vc_row][vc_column]<div id=\"wyvc-section-title-9230\" class=\"wyvc-section-title wyvc-shortcode wyvc-section-title-1 \">\r\n\t<div class=\"wyvc-st-inner\">\r\n\t\t\t\t\t<p class=\"wyvc-st-title\">\r\n\t\t\t\tACCR\u00c9DITATION PRESSE\t\t\t<\/p>\r\n\t\t\t\t\t<\/div>\r\n<\/div>\r\n<style type=\"text\/css\">#wyvc-section-title-9230.wyvc-section-title-1 .wyvc-st-title::before{content:'IT & CYBERSECURITY'}<\/style>\r\n[\/vc_column][\/vc_row][vc_row][vc_column width=\u00a0\u00bb1\/2&Prime;][vc_single_image image=\u00a0\u00bb328&Prime;][\/vc_column][vc_column width=\u00a0\u00bb1\/2&Prime;][vc_text_separator title=\u00a0\u00bbAccreditation presse\u00a0\u00bb][vc_column_text]Vous \u00eates journaliste et vous souhaitez visiter le salon IT &amp; Cybersecurity Meetings. Nous vous invitons \u00e0 remplir le formulaire ci-dessous afin de recevoir votre accr\u00e9ditation presse.[\/vc_column_text]<div class=\"wyvc-contact-form-wrapper\">\r\n\t<div class=\"wyvc-contact-form wyvc-shortcode\">\r\n\t\t\r\n\t\t\t<div class=\"flip-card\">\r\n\t\t\t<div class=\"flip-card-inner\">\r\n\t\t\t\t<div id=\"flip-card-front-5594\" class=\"flip-card-front\">\r\n\t\t\t\t\t<img loading=\"lazy\" decoding=\"async\" width=\"100\" height=\"90\" src=\"https:\/\/weyoumedia.blob.core.windows.net\/itsm\/sites\/17\/2020\/03\/Sans-titre.png\" class=\"attachment-large size-large\" alt=\"\" srcset=\"https:\/\/weyoumedia.blob.core.windows.net\/bmc\/sites\/17\/2020\/03\/Sans-titre.png 100w, https:\/\/weyoumedia.blob.core.windows.net\/bmc\/sites\/17\/2020\/03\/Sans-titre-56x50.png 56w\" sizes=\"auto, (max-width: 100px) 100vw, 100px\" \/>\t\t\t\t\t<div class=\"wyvc-button-wrapper\">\r\n\t\t\t\t\t\t<button class=\"flip-card-toggler wyvc-button\" href=\"\" onclick=\"jQuery('#flip-card-back-5594').slideDown();jQuery('#flip-card-front-5594').slideUp();return;\">BADGE PRESSE<\/button>\r\n\t\t\t\t\t<\/div>\r\n\t\t\t\t<\/div>\r\n\t \r\n\t\t\r\n\t\t\t\t\r\n\t\t\t\t\t<div id=\"flip-card-back-5594\" class=\"flip-card-back\">\r\n\t\t\t\t\t<button href=\"\" onclick=\"jQuery('#flip-card-back-5594').slideUp();jQuery('#flip-card-front-5594').slideDown();return;\" class=\"close\"><\/button>\r\n\t\t\t\t\t\r\n\t\t\t\t\t\n<div class=\"wpcf7 no-js\" id=\"wpcf7-f542-o1\" lang=\"fr-FR\" dir=\"ltr\" data-wpcf7-id=\"542\">\n<div class=\"screen-reader-response\"><p role=\"status\" aria-live=\"polite\" aria-atomic=\"true\"><\/p> <ul><\/ul><\/div>\n<form action=\"\/bmc\/wp-json\/wp\/v2\/pages\/508#wpcf7-f542-o1\" method=\"post\" class=\"wpcf7-form init\" aria-label=\"Formulaire de contact\" novalidate=\"novalidate\" data-status=\"init\">\n<fieldset class=\"hidden-fields-container\"><input type=\"hidden\" name=\"_wpcf7\" value=\"542\" \/><input type=\"hidden\" name=\"_wpcf7_version\" value=\"6.1.5\" \/><input type=\"hidden\" name=\"_wpcf7_locale\" value=\"fr_FR\" \/><input type=\"hidden\" name=\"_wpcf7_unit_tag\" value=\"wpcf7-f542-o1\" \/><input type=\"hidden\" name=\"_wpcf7_container_post\" value=\"0\" \/><input type=\"hidden\" name=\"_wpcf7_posted_data_hash\" value=\"\" \/><input type=\"hidden\" name=\"_wpcf7_recaptcha_response\" value=\"\" \/>\n<\/fieldset>\n[vc_row]\n    [vc_column width=\"1\/3\"]<span class=\"wpcf7-form-control-wrap\" data-name=\"prenom\"><input size=\"40\" maxlength=\"400\" class=\"wpcf7-form-control wpcf7-text wpcf7-validates-as-required\" aria-required=\"true\" aria-invalid=\"false\" placeholder=\"Prenom *\" value=\"\" type=\"text\" name=\"prenom\" \/><\/span>[\/vc_column]\n    [vc_column width=\"1\/3\"]<span class=\"wpcf7-form-control-wrap\" data-name=\"nom\"><input size=\"40\" maxlength=\"400\" class=\"wpcf7-form-control wpcf7-text wpcf7-validates-as-required\" aria-required=\"true\" aria-invalid=\"false\" placeholder=\"Nom *\" value=\"\" type=\"text\" name=\"nom\" \/><\/span>[\/vc_column]\n    [vc_column width=\"1\/3\"]<span class=\"wpcf7-form-control-wrap\" data-name=\"societe\"><input size=\"40\" maxlength=\"400\" class=\"wpcf7-form-control wpcf7-text wpcf7-validates-as-required\" aria-required=\"true\" aria-invalid=\"false\" placeholder=\"Soci\u00e9t\u00e9 *\" value=\"\" type=\"text\" name=\"societe\" \/><\/span>[\/vc_column]\n[\/vc_row]\n[vc_row]\n    [vc_column width=\"1\/3\"]<span class=\"wpcf7-form-control-wrap\" data-name=\"fonction\"><input size=\"40\" maxlength=\"400\" class=\"wpcf7-form-control wpcf7-text wpcf7-validates-as-required\" aria-required=\"true\" aria-invalid=\"false\" placeholder=\"Fonction *\" value=\"\" type=\"text\" name=\"fonction\" \/><\/span>[\/vc_column]\n    [vc_column width=\"1\/3\"]<span class=\"wpcf7-form-control-wrap\" data-name=\"e-mail\"><input size=\"40\" maxlength=\"400\" class=\"wpcf7-form-control wpcf7-email wpcf7-validates-as-required wpcf7-text wpcf7-validates-as-email\" aria-required=\"true\" aria-invalid=\"false\" placeholder=\"E-mail *\" value=\"\" type=\"email\" name=\"e-mail\" \/><\/span>[\/vc_column]\n    [vc_column width=\"1\/3\"]<span class=\"wpcf7-form-control-wrap\" data-name=\"tel\"><input size=\"40\" maxlength=\"400\" class=\"wpcf7-form-control wpcf7-tel wpcf7-validates-as-required wpcf7-text wpcf7-validates-as-tel\" aria-required=\"true\" aria-invalid=\"false\" placeholder=\"T\u00e9l. *\" value=\"\" type=\"tel\" name=\"tel\" \/><\/span>[\/vc_column]\n[\/vc_row]\n[vc_row]\n    [vc_column]<span class=\"wpcf7-form-control-wrap\" data-name=\"demande\"><textarea cols=\"40\" rows=\"4\" maxlength=\"2000\" class=\"wpcf7-form-control wpcf7-textarea wpcf7-validates-as-required\" aria-required=\"true\" aria-invalid=\"false\" placeholder=\"Votre demande?\" name=\"demande\"><\/textarea><\/span>[\/vc_column]\n[\/vc_row]\n[vc_row]\n    [vc_column]<span class=\"wpcf7-form-control-wrap\" data-name=\"acceptance\"><span class=\"wpcf7-form-control wpcf7-acceptance\"><span class=\"wpcf7-list-item\"><label><input type=\"checkbox\" name=\"acceptance\" value=\"1\" aria-invalid=\"false\" \/><span class=\"wpcf7-list-item-label\">Les informations recueillies sont trait\u00e9es par le groupe Weyou afin de r\u00e9pondre \u00e0 votre demande. Vous \u00eates \u00e9galement susceptible de recevoir, sauf opposition de votre part en&nbsp;<a href=\"https:\/\/connect.weyou-group.com\/communications\/\" target=\"_top\">clicking here&nbsp;<\/a>des informations concernant nos autres salons et\/ou pour b\u00e9n\u00e9ficier, par l'interm\u00e9diaire du groupe Weyou, de ceux de partenaires s\u00e9lectionn\u00e9s en fonction de vos int\u00e9r\u00eats professionnels. Vous b\u00e9n\u00e9ficiez d'un droit d'acc\u00e8s, de rectification et de suppression que vous pouvez exercer \u00e0 tout moment \u00e0 l'adresse suivante&nbsp;: dpo@weyou-group.com. Pour plus d'informations sur vos droits,&nbsp;<a href=\"https:\/\/www.weyou-group.com\/mentions-legales\/\" target=\"_top\">cliquez ici<\/a>.<\/span><\/label><\/span><\/span><\/span>[\/vc_column]\n[\/vc_row]\n[vc_row]\n    [vc_column]<input class=\"wpcf7-form-control wpcf7-submit has-spinner\" type=\"submit\" value=\"Envoyer\" \/>[\/vc_column]\n[\/vc_row]\n<input class=\"wpcf7-form-control wpcf7-hidden\" value=\"\" type=\"hidden\" name=\"sourcexp\" \/><div class=\"wpcf7-response-output\" aria-hidden=\"true\"><\/div>\n<\/form>\n<\/div>\n\t\t\t\t\r\n\t\t\t\t\t<\/div>\r\n\t\t\t\t\t\r\n\t\t\r\n\t\t\t\t<\/div>\r\n\t\t<\/div>\r\n\t\t\t\r\n\t<\/div>\r\n<\/div>[\/vc_column][\/vc_row][\/vc_section][vc_section el_id=\u00a0\u00bbkit-media\u00a0\u00bb][vc_row][vc_column]<div id=\"wyvc-section-title-1739\" class=\"wyvc-section-title wyvc-shortcode wyvc-section-title-1 \">\r\n\t<div class=\"wyvc-st-inner\">\r\n\t\t\t\t\t<p class=\"wyvc-st-title\">\r\n\t\t\t\tKit MEDIA\t\t\t<\/p>\r\n\t\t\t\t\t<\/div>\r\n<\/div>\r\n<style type=\"text\/css\">#wyvc-section-title-1739.wyvc-section-title-1 .wyvc-st-title::before{content:'IT & CYBERSECURITY'}<\/style>\r\n[\/vc_column][\/vc_row][vc_row][vc_column width=\u00a0\u00bb1\/2&Prime;][vc_single_image image=\u00a0\u00bb3024&Prime;][vc_single_image image=\u00a0\u00bb3028&Prime;][\/vc_column][vc_column width=\u00a0\u00bb1\/2&Prime;]<div class=\"wyvc-media-text-wrapper img-txt-btn\">\r\n\t<div class=\"wyvc-media-text wyvc-shortcode\">\r\n\t\t<div class=\"wyvc-section-title wyvc-shortcode wyvc-section-title-2\">\r\n\t<div class=\"wyvc-st-inner\">\r\n\t\t<p class=\"wyvc-st-title\">\r\n\t\t\tGagnez plus de visibilit\u00e9 \r\n\t\t<\/p>\r\n\t<\/div>\r\n<\/div>\r\n\t<div class=\"wyvc-text\"><p style=\"text-align: left\">Si vous souhaitez r\u00e9cup\u00e9rer l&rsquo;ensemble des banni\u00e8res du salon IT &amp; CYBERSECURITY MEETINGS, t\u00e9l\u00e9chargez le Kit M\u00e9dia.<\/p>\n<\/div> \r\n<div class=\"wyvc-button-wrapper wyvc-btn-center\">\r\n\t<a class=\"wyvc-button wyvc-shortcode\" href=\"https:\/\/salons.weyou-cms.com\/itsm\/kit-media\" title=\"Kit media\">\r\n\t\t<span class=\"wyvc-btn-text\">Acc\u00e8s au Kit MEDIA<\/span>\r\n\t<\/a>\r\n<\/div>\r\n\t<\/div>\r\n<\/div>[\/vc_column][\/vc_row][\/vc_section]<\/p>\n<\/div>","protected":false},"excerpt":{"rendered":"<p>[vc_row][vc_column][\/vc_column][vc_column][vc_row_inner][vc_column_inner][\/vc_column_inner][\/vc_row_inner][\/vc_column][\/vc_row][vc_section][vc_row el_id=\u00a0\u00bbpresse\u00a0\u00bb][vc_column][\/vc_column][\/vc_row][vc_row][vc_column][vc_text_separator title=\u00a0\u00bbCOMMUNIQUES DE PRESSE\u00a0\u00bb][vc_column_text]Le 02 novembre 2021 \/\/ IT &amp; IT Security Meetings change de nom et devient \u201cIT &amp; Cybersecurity Meetings \u201d Lire la suite[\/vc_column_text][vc_column_text]Le 10 septembre 2019 \/\/ Security &amp; Safety Meetings change de nom et devient \u201cSecurity\/Safety &amp; Prevention Meetings \u201d\u00a0Lire la suite[\/vc_column_text][vc_column_text]Le 28 ao\u00fbt 2018 \/\/ Les inscriptions sont ouvertes [&hellip;]<\/p>\n","protected":false},"author":14,"featured_media":0,"parent":0,"menu_order":0,"comment_status":"closed","ping_status":"closed","template":"","meta":{"footnotes":""},"class_list":["post-508","page","type-page","status-publish","hentry"],"yoast_head":"<!-- This site is optimized with the Yoast SEO plugin v26.9 - https:\/\/yoast.com\/product\/yoast-seo-wordpress\/ -->\n<title>Presse - Blockchain Meetings Cannes<\/title>\n<meta name=\"robots\" content=\"noindex, follow, max-snippet:-1, max-image-preview:large, max-video-preview:-1\" \/>\n<meta property=\"og:locale\" content=\"fr_FR\" \/>\n<meta property=\"og:type\" content=\"article\" \/>\n<meta property=\"og:title\" content=\"Presse - Blockchain Meetings Cannes\" \/>\n<meta property=\"og:description\" content=\"[vc_row][vc_column][\/vc_column][vc_column][vc_row_inner][vc_column_inner][\/vc_column_inner][\/vc_row_inner][\/vc_column][\/vc_row][vc_section][vc_row el_id=\u00a0\u00bbpresse\u00a0\u00bb][vc_column][\/vc_column][\/vc_row][vc_row][vc_column][vc_text_separator title=\u00a0\u00bbCOMMUNIQUES DE PRESSE\u00a0\u00bb][vc_column_text]Le 02 novembre 2021 \/\/ IT &amp; IT Security Meetings change de nom et devient \u201cIT &amp; Cybersecurity Meetings \u201d Lire la suite[\/vc_column_text][vc_column_text]Le 10 septembre 2019 \/\/ Security &amp; Safety Meetings change de nom et devient \u201cSecurity\/Safety &amp; Prevention Meetings \u201d\u00a0Lire la suite[\/vc_column_text][vc_column_text]Le 28 ao\u00fbt 2018 \/\/ Les inscriptions sont ouvertes [&hellip;]\" \/>\n<meta property=\"og:url\" content=\"https:\/\/salons.weyou-cms.com\/bmc\/presse\" \/>\n<meta property=\"og:site_name\" content=\"Blockchain Meetings Cannes\" \/>\n<meta property=\"article:modified_time\" content=\"2022-01-18T09:03:07+00:00\" \/>\n<meta name=\"twitter:card\" content=\"summary_large_image\" \/>\n<meta name=\"twitter:label1\" content=\"Dur\u00e9e de lecture estim\u00e9e\" \/>\n\t<meta name=\"twitter:data1\" content=\"1 minute\" \/>\n<script type=\"application\/ld+json\" class=\"yoast-schema-graph\">{\"@context\":\"https:\/\/schema.org\",\"@graph\":[{\"@type\":\"WebPage\",\"@id\":\"https:\/\/salons.weyou-cms.com\/bmc\/presse\",\"url\":\"https:\/\/salons.weyou-cms.com\/bmc\/presse\",\"name\":\"Presse - Blockchain Meetings Cannes\",\"isPartOf\":{\"@id\":\"https:\/\/blockchain-meetings-cannes.com\/#website\"},\"datePublished\":\"2020-01-23T11:47:57+00:00\",\"dateModified\":\"2022-01-18T09:03:07+00:00\",\"inLanguage\":\"fr-FR\",\"potentialAction\":[{\"@type\":\"ReadAction\",\"target\":[\"https:\/\/salons.weyou-cms.com\/bmc\/presse\"]}]},{\"@type\":\"WebSite\",\"@id\":\"https:\/\/blockchain-meetings-cannes.com\/#website\",\"url\":\"https:\/\/blockchain-meetings-cannes.com\/\",\"name\":\"Blockchain Meetings Cannes\",\"description\":\"\",\"publisher\":{\"@id\":\"https:\/\/blockchain-meetings-cannes.com\/#organization\"},\"potentialAction\":[{\"@type\":\"SearchAction\",\"target\":{\"@type\":\"EntryPoint\",\"urlTemplate\":\"https:\/\/blockchain-meetings-cannes.com\/?s={search_term_string}\"},\"query-input\":{\"@type\":\"PropertyValueSpecification\",\"valueRequired\":true,\"valueName\":\"search_term_string\"}}],\"inLanguage\":\"fr-FR\"},{\"@type\":\"Organization\",\"@id\":\"https:\/\/blockchain-meetings-cannes.com\/#organization\",\"name\":\"Blockchain Meetings Cannes\",\"url\":\"https:\/\/blockchain-meetings-cannes.com\/\",\"logo\":{\"@type\":\"ImageObject\",\"inLanguage\":\"fr-FR\",\"@id\":\"https:\/\/blockchain-meetings-cannes.com\/#\/schema\/logo\/image\/\",\"url\":\"https:\/\/weyoumediastaging.blob.core.windows.net\/bmc\/sites\/24\/2022\/04\/cropped-bmFichier-2.png\",\"contentUrl\":\"https:\/\/weyoumediastaging.blob.core.windows.net\/bmc\/sites\/24\/2022\/04\/cropped-bmFichier-2.png\",\"width\":577,\"height\":145,\"caption\":\"Blockchain Meetings Cannes\"},\"image\":{\"@id\":\"https:\/\/blockchain-meetings-cannes.com\/#\/schema\/logo\/image\/\"}}]}<\/script>\n<!-- \/ Yoast SEO plugin. -->","yoast_head_json":{"title":"Presse - Blockchain Meetings Cannes","robots":{"index":"noindex","follow":"follow","max-snippet":"max-snippet:-1","max-image-preview":"max-image-preview:large","max-video-preview":"max-video-preview:-1"},"og_locale":"fr_FR","og_type":"article","og_title":"Presse - Blockchain Meetings Cannes","og_description":"[vc_row][vc_column][\/vc_column][vc_column][vc_row_inner][vc_column_inner][\/vc_column_inner][\/vc_row_inner][\/vc_column][\/vc_row][vc_section][vc_row el_id=\u00a0\u00bbpresse\u00a0\u00bb][vc_column][\/vc_column][\/vc_row][vc_row][vc_column][vc_text_separator title=\u00a0\u00bbCOMMUNIQUES DE PRESSE\u00a0\u00bb][vc_column_text]Le 02 novembre 2021 \/\/ IT &amp; IT Security Meetings change de nom et devient \u201cIT &amp; Cybersecurity Meetings \u201d Lire la suite[\/vc_column_text][vc_column_text]Le 10 septembre 2019 \/\/ Security &amp; Safety Meetings change de nom et devient \u201cSecurity\/Safety &amp; Prevention Meetings \u201d\u00a0Lire la suite[\/vc_column_text][vc_column_text]Le 28 ao\u00fbt 2018 \/\/ Les inscriptions sont ouvertes [&hellip;]","og_url":"https:\/\/salons.weyou-cms.com\/bmc\/presse","og_site_name":"Blockchain Meetings Cannes","article_modified_time":"2022-01-18T09:03:07+00:00","twitter_card":"summary_large_image","twitter_misc":{"Dur\u00e9e de lecture estim\u00e9e":"1 minute"},"schema":{"@context":"https:\/\/schema.org","@graph":[{"@type":"WebPage","@id":"https:\/\/salons.weyou-cms.com\/bmc\/presse","url":"https:\/\/salons.weyou-cms.com\/bmc\/presse","name":"Presse - Blockchain Meetings Cannes","isPartOf":{"@id":"https:\/\/blockchain-meetings-cannes.com\/#website"},"datePublished":"2020-01-23T11:47:57+00:00","dateModified":"2022-01-18T09:03:07+00:00","inLanguage":"fr-FR","potentialAction":[{"@type":"ReadAction","target":["https:\/\/salons.weyou-cms.com\/bmc\/presse"]}]},{"@type":"WebSite","@id":"https:\/\/blockchain-meetings-cannes.com\/#website","url":"https:\/\/blockchain-meetings-cannes.com\/","name":"Blockchain Meetings Cannes","description":"","publisher":{"@id":"https:\/\/blockchain-meetings-cannes.com\/#organization"},"potentialAction":[{"@type":"SearchAction","target":{"@type":"EntryPoint","urlTemplate":"https:\/\/blockchain-meetings-cannes.com\/?s={search_term_string}"},"query-input":{"@type":"PropertyValueSpecification","valueRequired":true,"valueName":"search_term_string"}}],"inLanguage":"fr-FR"},{"@type":"Organization","@id":"https:\/\/blockchain-meetings-cannes.com\/#organization","name":"Blockchain Meetings Cannes","url":"https:\/\/blockchain-meetings-cannes.com\/","logo":{"@type":"ImageObject","inLanguage":"fr-FR","@id":"https:\/\/blockchain-meetings-cannes.com\/#\/schema\/logo\/image\/","url":"https:\/\/weyoumediastaging.blob.core.windows.net\/bmc\/sites\/24\/2022\/04\/cropped-bmFichier-2.png","contentUrl":"https:\/\/weyoumediastaging.blob.core.windows.net\/bmc\/sites\/24\/2022\/04\/cropped-bmFichier-2.png","width":577,"height":145,"caption":"Blockchain Meetings Cannes"},"image":{"@id":"https:\/\/blockchain-meetings-cannes.com\/#\/schema\/logo\/image\/"}}]}},"_links":{"self":[{"href":"https:\/\/salons.weyou-cms.com\/bmc\/wp-json\/wp\/v2\/pages\/508","targetHints":{"allow":["GET"]}}],"collection":[{"href":"https:\/\/salons.weyou-cms.com\/bmc\/wp-json\/wp\/v2\/pages"}],"about":[{"href":"https:\/\/salons.weyou-cms.com\/bmc\/wp-json\/wp\/v2\/types\/page"}],"author":[{"embeddable":true,"href":"https:\/\/salons.weyou-cms.com\/bmc\/wp-json\/wp\/v2\/users\/14"}],"replies":[{"embeddable":true,"href":"https:\/\/salons.weyou-cms.com\/bmc\/wp-json\/wp\/v2\/comments?post=508"}],"version-history":[{"count":0,"href":"https:\/\/salons.weyou-cms.com\/bmc\/wp-json\/wp\/v2\/pages\/508\/revisions"}],"wp:attachment":[{"href":"https:\/\/salons.weyou-cms.com\/bmc\/wp-json\/wp\/v2\/media?parent=508"}],"curies":[{"name":"wp","href":"https:\/\/api.w.org\/{rel}","templated":true}]}}